{"id":37,"date":"2021-03-07T17:56:31","date_gmt":"2021-03-07T17:56:31","guid":{"rendered":"https:\/\/plasticosjaval.com\/web\/recipe\/"},"modified":"2021-03-24T03:30:27","modified_gmt":"2021-03-24T03:30:27","slug":"productos","status":"publish","type":"page","link":"https:\/\/plasticosjaval.com\/web\/productos\/","title":{"rendered":"Productos"},"content":{"rendered":"\n\n\n<p><font color=\"#ffffff\" face=\"Nothing You Could Do\">Empaques de calidad para productos de calidad<\/font><\/p>\n\n\n\n\n<p>productos<\/p>\n<p>nuestros<\/p>\n\n<p>Contamos con productos de la m\u00e1s alta calidad para satisfacer las necesidades del mercado industrial, farmc\u00e9utico y comercial. Empaques de calidad para productos de calidad.<\/p>\n\n\n<p style=\"\">Bolsa terminada para envasado manual para productos que van a anaquel a temperatura ambiente, refrigerados o congelados.&nbsp; Excelente desempe\u00f1o en el sellado manual durante el envasado.&nbsp;<\/p><p style=\"\">Las opciones con barrera al ox\u00edgeno pueden ser selladas al alto vac\u00edo. Posibilidad de confeccionar bolsa a partir de una pel\u00edcula de una capa (polietileno) cuando el requerimiento de vida de anaquel as\u00ed lo permita.<\/p>\n\n\n<p style=\"\">Bolsa para gel refrigerante, Bolsa para algod\u00f3n, Bolsa para gasa. Bolsas protectoras de empaque secundario o terciario. Bolsas para la contenci\u00f3n de envases en procesos internos tales como botellas sopladas para su almacenaje y transportaci\u00f3n.&nbsp; Se dise\u00f1a el tama\u00f1o y espesor de acuerdo a la cantidad de producto que se desea almacenar. Con o sin identificador de color para rotaci\u00f3n de inventarios o tama\u00f1o de envase. Con o sin impresi\u00f3n<\/p>\n\n\n<p style=\"font-size: 15px\">Pel\u00edcula termo encogible, para envases, latas y botellas y otros productos industriales. Con o sin impresi\u00f3n.&nbsp; Bolsas para la contenci\u00f3n de envases en procesos internos tales como botellas sopladas para su almacenaje y transportaci\u00f3n.&nbsp; Se dise\u00f1a el tama\u00f1o y espesor de acuerdo a la cantidad de producto que se desea almacenar. Con o sin identificador de color para rotaci\u00f3n de inventarios o tama\u00f1o de envase. Con o sin impresi\u00f3n<\/p>\n\n\n<p style=\"font-size: 15px\">Pel\u00edcula de envasado para l\u00edquidos con opci\u00f3n a diferentes vol\u00famenes, ideal para empacado de agua o bebidas endulzadas con o sin impresi\u00f3n. Bolsa de polietileno con o sin pigmento para envasado de hielo de diferentes capacidades de envasado. Excelente para congelaci\u00f3n sin perder flexibilidad o resistencia.<\/p>\n\n\n<p style=\"font-size: 15px\">Bolsa confecci\u00f3n en sello lateral o sello de fondo ideal para el envasado para productos a granel s\u00f3lidos, semil\u00edquidos y l\u00edquidos con o sin impresi\u00f3n. Bolsa para diferentes opciones para contenidos. Bolsa terminada para envasado manual o para empacado en punto de venta. Estructura para carga de uso rudo para productos de gran peso. Bolsa de camiseta. Bolsa tipo boutique natural o pigmentada con diferentes formatos para sujeci\u00f3n y suajados.<\/p>\n\n\n<p style=\"\">Bolsas para empacado de diferentes vol\u00famenes de acuerdo a sus necesidades de producto. Bolsa para empacado de polvos. Excelente sellado del empaque y llenado del producto. Con o sin impresi\u00f3n usando tintas especiales. Bolsa terminada para envasado manual de productos s\u00f3lidos o semil\u00edquidos. Confecci\u00f3n en sello lateral o sello de fondo.&nbsp;<\/p><br>\n\n\n\n\n\n\n\n<p>Empaques de calidad para productos de calidad<\/p><p><\/p>\n<p>Contactenos, estamos ansiosos por atenderlo<\/p>\n\n\n","protected":false},"excerpt":{"rendered":"","protected":false},"author":1,"featured_media":0,"parent":0,"menu_order":0,"comment_status":"closed","ping_status":"closed","template":"","meta":{"pagelayer_contact_templates":[],"_pagelayer_content":"","footnotes":""},"class_list":["post-37","page","type-page","status-publish","hentry"],"_links":{"self":[{"href":"https:\/\/plasticosjaval.com\/web\/wp-json\/wp\/v2\/pages\/37","targetHints":{"allow":["GET"]}}],"collection":[{"href":"https:\/\/plasticosjaval.com\/web\/wp-json\/wp\/v2\/pages"}],"about":[{"href":"https:\/\/plasticosjaval.com\/web\/wp-json\/wp\/v2\/types\/page"}],"author":[{"embeddable":true,"href":"https:\/\/plasticosjaval.com\/web\/wp-json\/wp\/v2\/users\/1"}],"replies":[{"embeddable":true,"href":"https:\/\/plasticosjaval.com\/web\/wp-json\/wp\/v2\/comments?post=37"}],"version-history":[{"count":6,"href":"https:\/\/plasticosjaval.com\/web\/wp-json\/wp\/v2\/pages\/37\/revisions"}],"predecessor-version":[{"id":99,"href":"https:\/\/plasticosjaval.com\/web\/wp-json\/wp\/v2\/pages\/37\/revisions\/99"}],"wp:attachment":[{"href":"https:\/\/plasticosjaval.com\/web\/wp-json\/wp\/v2\/media?parent=37"}],"curies":[{"name":"wp","href":"https:\/\/api.w.org\/{rel}","templated":true}]}}